 of 166497926.
2, 7, 11892709
What are the prime factors of 61091623?
1709, 35747
What are the prime factors of 218220127?
218220127
What are the prime factors of 90599346?
2, 3, 23, 218839
List the prime factors of 22260975.
3, 5, 11, 223
What are the prime factors of 294868360?
2, 5, 97, 75997
List the prime factors of 956787174.
2, 3, 7, 2531183
What are the prime factors of 14832279?
3, 7, 11, 17, 1259
What are the prime factors of 172330447?
3967, 43441
List the prime factors of 1600475750.
2, 5, 31, 97, 2129
What are the prime factors of 1818734933?
2087, 871459
List the prime factors of 2594783592.
2, 3, 12012887
List the prime factors of 1007211989.
7, 409, 351803
List the prime factors of 134915949.
3, 7, 37, 59, 109
What are the prime factors of 70021776?
2, 3, 11, 17, 29, 269
List the prime factors of 173215169.
173215169
What are the prime factors of 5521828257?
3, 11, 4817, 11579
What are the prime factors of 27032048?
2, 1689503
List the prime factors of 38796969.
3, 89, 145307
What are the prime factors of 1186263172?
2, 53, 71, 1487
What are the prime factors of 8934360378?
2, 3, 47, 157, 201797
List the prime factors of 263207319.
3, 59, 317, 4691
What are the prime factors of 59354557?
59354557
What are the prime factors of 50173963?
7, 541, 13249
List the prime factors of 177985836.
2, 3, 7, 37, 101
List the prime factors of 1250153672.
2, 156269209
What are the prime factors of 2702013709?
10723, 251983
List the prime factors of 513608816.
2, 7, 4585793
What are the prime factors of 906186464?
2, 1361, 20807
What are the prime factors of 419962016?
2, 17, 19, 41, 991
What are the prime factors of 6498601?
409, 15889
What are the prime factors of 457980285?
3, 5, 7, 163, 26759
List the prime factors of 86803218.
2, 3, 233, 6899
What are the prime factors of 43905010?
2, 5, 19, 231079
What are the prime factors of 38134292?
2, 7, 19, 43, 1667
What are the prime factors of 4086930885?
3, 5, 59, 4618001
What are the prime factors of 282943833?
3, 94314611
List the prime factors of 2438467046.
2, 17, 41, 1749259
List the prime factors of 1225790116.
2, 173, 1771373
What are the prime factors of 2403791254?
2, 61, 19703207
List the prime factors of 52381935.
3, 5, 1164043
What are the prime factors of 4245396?
2, 3, 353783
List the prime factors of 37418724.
2, 3, 7, 83, 1789
List the prime factors of 377315987.
773, 488119
What are the prime factors of 165370822?
2, 947, 87313
What are the prime factors of 103154378?
2, 47, 131, 8377
What are the prime factors of 480775521?
3, 17, 37, 254783
List the prime factors of 699886650.
2, 3, 5, 4665911
What are the prime factors of 2237764008?
2, 3, 131, 711757
What are the prime factors of 1320279050?
2, 5, 467, 56543
What are the prime factors of 492074945?
5, 17, 5789117
What are the prime factors of 953484773?
71, 13429363
What are the prime factors of 2688508595?
5, 537701719
What are the prime factors of 57663111?
3, 11, 1747367
What are the prime factors of 630597108?
2, 3, 1733, 30323
List the prime factors of 928229054.
2, 464114527
What are the prime factors of 2236052717?
2236052717
What are the prime factors of 26357823?
3, 2928647
List the prime factors of 392597528.
2, 37, 1326343
What are the prime factors of 1910221638?
2, 3, 13, 24490021
List the prime factors of 17918714.
2, 11, 17, 47911
List the prime factors of 58949126.
2, 29474563
List the prime factors of 119228481.
3, 23, 167, 3449
What are the prime factors of 915535268?
2, 149, 1536133
List the prime factors of 2283975925.
5, 7, 11, 17, 71, 983
List the prime factors of 784844333.
7, 13, 37, 257, 907
What are the prime factors of 11177377?
19, 43, 13681
What are the prime factors of 3308061525?
3, 5, 44107487
What are the prime factors of 36472439?
36472439
List the prime factors of 25270077.
3, 7, 23, 113, 463
List the prime factors of 2267184.
2, 3, 149, 317
List the prime factors of 140677015.
5, 769, 36587
What are the prime factors of 88728457?
17, 23, 149, 1523
What are the prime factors of 7958045013?
3, 79, 757, 44357
List the prime factors of 2677715546.
2, 11, 121714343
What are the prime factors of 454665479?
454665479
What are the prime factors of 4640318594?
2, 29, 241, 331973
List the prime factors of 440334096.
2, 3, 41, 223747
What are the prime factors of 7343559312?
2, 3, 37, 4134887
What are the prime factors of 116163788?
2, 13, 17, 331, 397
What are the prime factors of 1801633169?
7, 31, 8302457
List the prime factors of 238542305.
5, 41, 101, 281
What are the prime factors of 70943988?
2, 3, 1759, 3361
List the prime factors of 97796160.
2, 3, 5, 7, 11
List the prime factors of 86834142.
2, 3, 19, 253901
What are the prime factors of 557829705?
3, 5, 37188647
List the prime factors of 1169926577.
19, 31, 1986293
What are the prime factors of 62759071?
19, 3303109
List the prime factors of 213806699.
213806699
List the prime factors of 2456365057.
199, 12343543
List the prime factors of 72728460.
2, 3, 5, 7, 197, 293
List the prime factors of 2983293590.
2, 5, 67, 79, 157, 359
What are the prime factors of 5300832?
2, 3, 55217
List the prime factors of 2914027164.
2, 3, 1277, 7043
What are the prime factors of 165729424?
2, 7, 1479727
What are the prime factors of 365956844?
2, 11, 977, 8513
What are the prime factors of 80136814?
2, 2897, 13831
List the prime factors of 52262583.
3, 331, 52631
List the prime factors of 15946332.
2, 3, 1328861
What are the prime factors of 402864780?
2, 3, 5, 23, 353, 827
List the prime factors of 1698533307.
3, 31, 225479
What are the prime factors of 6230497?
7, 13, 9781
What are the prime factors of 43657492?
2, 10914373
What are the prime factors of 14144781?
3, 7, 96223
List the prime factors of 54171277.
54171277
List the prime factors of 24151288.
2, 7, 17, 23, 1103
What are the prime factors of 697361553?
3, 7, 11069231
What are the prime factors of 1235353095?
3, 5, 229, 313, 383
List the prime factors of 5818575494.
2, 1699, 1712353
What are the prime factors of 5377798?
2, 19, 137, 1033
List the prime factors of 37622403.
3, 7, 13, 71, 647
What are the prime factors of 3007926937?
3007926937
What are the prime factors of 2732930497?
11, 248448227
What are the prime factors of 190770542?
2, 251, 293, 1297
What are the prime factors of 68538685?
5, 61, 224717
List the prime factors of 20623173.
3, 1091, 6301
What are the prime factors of 3906463337?
7, 17, 59, 79, 7043
List the prime factors of 802969618.
2, 11, 401, 91019
List the prime factors of 123900007.
7, 11, 19, 7699
What are the prime factors of 512959646?
2, 193, 1328911
What are the prime factors of 71992735?
5, 14398547
List the prime factors of 210045931.
17, 19, 197, 3301
List the prime factors of 170047451.
7, 24292493
What are the prime factors of 537990016?
2, 19, 157, 1409
List the prime factors of 138921900.
2, 3, 5, 13, 179, 199
List the prime factors of 342960421.
193, 1776997
List the prime factors of 9592889.
9592889
What are the prime factors of 26589526?
2, 13294763
List the prime factors of 32479734.
2, 3, 7, 233, 3319
List the prime factors of 329101398.
2, 3, 107, 170873
What are the prime factors of 46127128?
2, 5765891
List the prime factors of 9725333174.
2, 17, 2687, 106453
List the prime factors of 132794504.
2, 16599313
What are the prime factors of 571156822?
2, 285578411
What are the prime factors of 1134217653?
3, 23, 16437937
What are the prime factors of 41247164?
2, 7, 29, 79, 643
What are the prime factors of 4466560051?
4466560051
List the prime factors of 61684810.
2, 5, 11, 560771
What are the prime factors of 173958530?
2, 5, 29, 599857
What are the prime factors of 1000691602?
2, 500345801
What are the prime factors of 1249738383?
3, 29, 14364809
List the prime factors of 2361893903.
73, 32354711
What are the prime factors of 4100290?
2, 5, 410029
List the prime factors of 753850645.
5, 23, 6555223
What are the prime factors of 28438668?
2, 3, 19, 13859
What are the prime factors of 484542817?
11, 23, 29, 66041
What are the prime factors of 261516224?
2, 751, 5441
List the prime factors of 220152522.
2, 3, 36692087
What are the prime factors of 31557792?
2, 3, 7, 151, 311
What are the prime factors of 1559678419?
13, 119975263
What are the prime 